133 = -1503. What is the hundreds digit of w?
6
Suppose 17 = 2*a + 2*a + l, -l + 21 = 5*a. Let p be (-1)/5 + (-267)/15. Let c = a - p. What is the tens digit of c?
2
Let x(t) = -36 - 2 - 6*t - 9*t**3 + 8*t**3 + 12*t**2 + 5*t. What is the hundreds digit of x(9)?
1
Let n = 25 + -23. Suppose 0 = i - 5*f + 3*f - 6, -n*i + 2*f = -8. Suppose i*q = -5*r + 71, -184 = -4*q - r - 15. What is the units digit of q?
3
Let q(m) = -18*m + 126. What is the hundreds digit of q(-13)?
3
Suppose 9*z = 2*z + 679. Let n = -55 + z. What is the tens digit of n?
4
Let x(h) = 180*h - 129. What is the hundreds digit of x(5)?
7
Suppose -5*o + 7*c = 10*c - 3, 4*o - 20 = 2*c. Suppose -o*i + 11*i - 384 = 0. What is the tens digit of i?
4
Let t = 4908 - 2451. What is the hundreds digit of t?
4
Let m be (-1 + 1)/(3 - 5). Suppose -5*r - 5*t + 85 = m, r + 0*t - t - 23 = 0. What is the tens digit of -3 + 4 + r*1?
2
Suppose -5*g - 1 = -s, 5 = -0*s + 5*s - g. Suppose 237 = 2*n + s. What is the tens digit of n?
1
Suppose -7*k + 2*k - i = -1, -3*k - 3*i = 9. What is the tens digit of (4/(-8))/(k/(-38))?
1
Suppose -11*a = 6*a - 1411. Let f = a - -13. What is the units digit of f?
6
Let v = 619 - -830. What is the thousands digit of v?
1
Let d(a) = 463*a - 26. What is the units digit of d(3)?
3
Let f = -170 - -93. Let g = f - -109. Let r = g + -25. What is the units digit of r?
7
Let o(c) = 2*c + 12. Let g be o(-7). Let z be ((-3)/(-2))/(g/(-4)). What is the units digit of (3/(-15))/(z/(-465))?
1
Let t(b) = 4*b**2 - 3*b - 4. Let l be (6/1)/((6 + -2)/2). What is the units digit of t(l)?
3
Suppose 19*p + 498 - 6635 = 0. What is the units digit of p?
3
Suppose t - 2*r - 484 = 0, r + 12 - 11 = 0. What is the units digit of t?
2
Suppose -2*a = 2*a - 2288. Suppose -r = -4*w + a, -2*w - 2*r = -0*w - 276. What is the hundreds digit of w?
1
Let y = 16 + -6. Suppose -y*n - n + 209 = 0. What is the units digit of n?
9
Let m be 8/20 - (-12)/(-5). Let o(h) = 3*h - 11. Let y(g) = 2*g - 6. Let t(k) = -3*o(k) + 5*y(k). What is the units digit of t(m)?
1
Let x(g) = -56*g + 290. What is the units digit of x(-25)?
0
Let n = 108 + 217. What is the hundreds digit of n?
3
Let w = 17 + -10. Suppose j - 2*x + w = 2*x, -3*j + 31 = x. Let f(c) = c**2 - 6*c - 6. What is the units digit of f(j)?
1
Let h(v) = 9*v**2 + 5*v + 3. Suppose b + 0 = 3. Suppose 5*z + 2 = -p, -2*z - 6 = b*p - 0. What is the tens digit of h(p)?
2
Suppose -c = -876 + 357. What is the units digit of c?
9
Suppose -4*s + 6*s - 148 = 0. What is the units digit of (-1)/(s/38 - 2)?
9
Suppose 6*p = 5452 + 4676. What is the units digit of p?
8
Suppose -4*f = 3*v, 3*f + 3*v - 3 = -2*f. Suppose 4*r + p - 154 = 0, -f*r - 2*r - 2*p = -194. What is the units digit of r?
8
Suppose 4*z = -3*z - 14. What is the units digit of z/9 - 722/(-9)?
0
Suppose 0 = 4*x + 4, -x - 38 = 2*p - 3*x. Suppose -84 = -2*r + k, 3*r = -r + 3*k + 170. Let s = r + p. What is the units digit of s?
1
Let q(n) = n**3 + 3*n**2 + 3*n - 5. Let g be q(-4). Let s = 31 - g. What is the tens digit of s?
6
Let c(o) be the second derivative of 2*o**3/3 + o**2 + 11*o. Let s be c(19). Let h = s + -54. What is the units digit of h?
4
Let i(d) = -3*d**2 + 32*d + 41. Let u(o) = o**2 - 11*o - 14. Let l(h) = -3*i(h) - 8*u(h). What is the units digit of l(-5)?
4
Let f(o) = -o**2 + 6*o + 16. Let s be f(8). Let h(k) = 8*k - 17 - 5 + 2 + s. What is the units digit of h(6)?
8
Let k be (-3 + 3/3)/((-2)/37). Suppose -3*b = k - 196. What is the tens digit of b?
5
Let j be (317 - 1)*(-1)/(-2). Suppose 4*l + j - 2 = 0. Let h = l + 62. What is the tens digit of h?
2
Let x(c) = c**2 + 10*c + 20. Let r be x(-8). Suppose 0*v + r*v + 12 = 0, -4*o = 5*v - 753. What is the units digit of o?
2
What is the tens digit of (-11930)/(-20) - (0 + (-3)/(-6))?
9
Let s = -3444 + 5359. What is the hundreds digit of s?
9
Let m(s) = 154*s**2 - 4*s - 4. What is the hundreds digit of m(2)?
6
Let r = 3 + -6. Let g(j) be the second derivative of j**4/3 - 3*j + 16. What is the units digit of g(r)?
6
Let d(w) = w + 1. Let k be d(-5). Let t be (-40)/(-6)*(-6)/k. What is the units digit of (-1 - -6)*8/t?
4
Let a(i) = 7*i**2 + 12*i + 3. Let m(v) = -v**2. Let w(z) = a(z) + 5*m(z). What is the units digit of w(-6)?
3
Let t(g) = 3 + 3*g - 1 - 4*g + 2*g**2 + 6*g. Let o be t(-3). Let a = o - -7. What is the units digit of a?
2
Let k(q) be the second derivative of q**3/3 - 23*q**2/2 + 16*q. What is the units digit of k(13)?
3
What is the units digit of (792/45 - -10)/(3/20)?
4
Let t(i) = 3*i - 17 - 2*i - 2*i. Let o be t(-14). What is the tens digit of 42*(-4 + 2 - o)?
4
Suppose -6 = -10*x + 7*x. Suppose q = 4*q + 5*s + 8, x*q - s = -27. Let h = -8 - q. What is the units digit of h?
3
Suppose o + 10 = q + 3*o, 4*q = -2*o + 28. What is the tens digit of (q/(-5))/((-2)/230)?
3
Let l(z) = -2*z**3 - 10*z**2 + 13*z + 13. What is the tens digit of l(-8)?
9
Let t(p) = p - 1. Let y be t(2). Let m(l) = -2*l**3 + 4*l**2 + 12*l + 3. Let b be m(3). Suppose f - b = y. What is the units digit of f?
2
Let p(a) = -a**3 - 8*a**2 - 8*a - 8. Let j be p(-7). Let y be (140/(-50))/(j/25). Suppose 5*f - 55 - y = 0. What is the tens digit of f?
2
Suppose n - 6*n = -5*r + 1860, 4*r - 5*n = 1492. Let j = -141 + r. What is the units digit of j?
7
Suppose 5*k = -0*f + f - 796, -f - k + 826 = 0. What is the units digit of f?
1
Suppose -4*j = f - 819, 2*f - f - 411 = -2*j. Let n = j - -23. What is the units digit of n?
7
Let n(s) = 18*s**2 + 6*s - 137. What is the thousands digit of n(10)?
1
Let z be (-275)/(-33) - (-4)/6. Suppose 8*o = z*o - 109. What is the units digit of o?
9
Let o(u) = 13*u - 11. Let d be ((-2)/(-6))/(14/(-294)). Let g(c) = 19*c - 17. Let p(y) = d*o(y) + 5*g(y). What is the tens digit of p(7)?
2
Let r(h) = h**2 - 2*h + 8. Let c be r(0). Suppose -4*q + 3*u = -0*q - 5, -2*q - 4*u + c = 0. What is the tens digit of (q - 0)/((-6)/(-123))?
4
Let d = -15 - -17. Suppose d*t - 37 - 15 = 0. What is the tens digit of t?
2
Suppose z + 3*z = 2*m + 68, 0 = -3*z + 5*m + 44. Suppose -3*f = -5*r + 38, 7*r - 31 = 3*f + 9*r. Let o = f + z. What is the units digit of o?
7
Let a = -139 + 261. What is the hundreds digit of a?
1
Let t = -25 + 14. Let m = -13 + t. What is the tens digit of (-107)/(-4) + (-6)/m?
2
Let w(d) = -d**2 - 2*d + 1. Let a be w(-5). Let k be 2/(-14) - (-418)/a. What is the tens digit of 554/18 + k/(-135)?
3
Suppose 103*q - 2128 = 110*q. Let n = -93 - q. What is the tens digit of n?
1
Let n(t) = -4*t + 4*t**2 - t**2 - 3 + 2. Let p = 165 + -168. What is the tens digit of n(p)?
3
Let b(u) be the second derivative of u**4/12 - u**3/6 - 7*u**2/2 + u. Let r be b(8). Let p = r - 34. What is the tens digit of p?
1
Let r = -1 - -4. Let s be (10/(-15))/((-2)/r). What is the units digit of ((-11)/3)/(s/(-6))?
2
Suppose -o = -4*r + 36, 0*r + 5*r = -5*o + 70. Let g = r - 5. Suppose 0 = 3*a - 29 + g. What is the units digit of a?
8
Let z be (-1 - -3)*-1 - -2. Suppose 2*d - 24 = -z*d. Suppose p = 5*k - 3 + 13, 0 = -p + 3*k + d. What is the units digit of p?
5
Let b = 43 + 420. What is the units digit of b?
3
Suppose -11 = 5*h + 34. Let v = h + 8. What is the tens digit of 31 + (v/1 - -1)?
3
Suppose -252 = i - 863. Suppose t + i = 3*n, 5*t = 19 + 1. What is the units digit of n?
5
Let w be 4/8 + 1 + 13044/8. Suppose -5*h + 13*h = w. What is the hundreds digit of h?
2
Let t = 76 + 254. Suppose -395 = -5*j + t. What is the units digit of j?
5
What is the hundreds digit of (-2)/7 + (-22)/77*-3459?
9
What is the hundreds digit of -1*1534/(-10) + (-2)/5?
1
Suppose 0*n - 2*n - 3*o + 15 = 0, 2*n - 2*o = 20. Let i be 3*16/(-36)*n. Let l = i - -28. What is the tens digit of l?
1
Let v(c) = 33*c + 3. Let r be (-5 - -4) + 4 + -1. What is the units digit of v(r)?
9
Let l(m) = m**3 - 7*m**2 - 6*m - 1. Let f be ((-9)/12)/(-3)*0. Suppose -3*h - 17 = -4*s + 6, 5*s - 2*h - 34 = f. What is the tens digit of l(s)?
1
Let i = -197 - 29. Let p = i - -389. What is the tens digit of p?
6
Let f(x) = 11*x**2 + 2*x - 3. Let u be f(2). Suppose 33*s - u = 28*s. What is the units digit of s?
9
Suppose -5*n + 22 = -n - 5*t, -13 = -5*n - t. Suppose d = -4*y + 23, d - 3*y + 2*y = n. Suppose 265 = d*j - 2*j. What is the tens digit of j?
5
Suppose -30*x - 41236 = -56*x. What is the hundreds digi